base 9.
2
2 (base 3) to base 14
2
Convert 6 (base 12) to base 2.
110
Convert 2 (base 9) to base 13.
2
-123 (base 8) to base 11
-76
Convert -56 (base 11) to base 2.
-111101
Convert 0 (base 6) to base 14.
0
-33 (base 7) to base 4
-120
What is 121 (base 7) in base 13?
4c
What is -12 (base 7) in base 10?
-9
-8 (base 10) to base 7
-11
What is 134 (base 13) in base 2?
11010100
-52 (base 8) to base 12
-36
Convert -28 (base 9) to base 4.
-122
25 (base 13) to base 8
37
Convert -19 (base 13) to base 6.
-34
Convert -a2 (base 15) to base 11.
-129
Convert 22 (base 9) to base 11.
19
What is 2 (base 10) in base 5?
2
What is -5 (base 12) in base 5?
-10
What is 12 (base 10) in base 8?
14
What is 1021 (base 3) in base 11?
31
32 (base 6) to base 13
17
What is -23 (base 6) in base 11?
-14
-1125 (base 6) to base 8
-415
What is 5 (base 14) in base 5?
10
-1a (base 12) to base 15
-17
Convert 10 (base 6) to base 16.
6
-31 (base 5) to base 3
-121
What is 13 (base 7) in base 12?
a
What is 30 (base 4) in base 3?
110
-d (base 14) to base 16
-d
-140 (base 5) to base 13
-36
Convert d (base 15) to base 9.
14
5 (base 11) to base 15
5
What is -2 (base 4) in base 8?
-2
b (base 13) to base 9
12
What is -6d (base 14) in base 11?
-89
Convert -1 (base 2) to base 3.
-1
1 (base 7) to base 14
1
What is 1 (base 9) in base 14?
1
-112 (base 6) to base 12
-38
1001 (base 2) to base 4
21
102 (base 3) to base 16
b
-93 (base 15) to base 13
-a8
13 (base 6) to base 9
10
13 (base 11) to base 9
15
What is -33 (base 6) in base 12?
-19
Convert 36 (base 7) to base 10.
27
What is 140 (base 7) in base 15?
52
-64 (base 14) to base 3
-10021
What is 103 (base 5) in base 9?
31
Convert -43 (base 6) to base 12.
-23
-4 (base 9) to base 3
-11
What is -110 (base 2) in base 3?
-20
What is 33 (base 9) in base 4?
132
Convert 1 (base 14) to base 4.
1
Convert -6b (base 13) to base 9.
-108
What is -196 (base 10) in base 9?
-237
Convert -22 (base 6) to base 3.
-112
-4 (base 11) to base 10
-4
Convert 0 (base 14) to base 10.
0
What is -3 (base 7) in base 12?
-3
What is 1 (base 3) in base 14?
1
What is 20011 (base 3) in base 6?
434
Convert -23 (base 4) to base 9.
-12
Convert 61 (base 16) to base 11.
89
What is -2 (base 11) in base 2?
-10
What is 16 (base 8) in base 13?
11
What is 11 (base 9) in base 6?
14
2 (base 11) to base 13
2
5a (base 15) to base 3
10011
What is 1 (base 12) in base 6?
1
-c (base 14) to base 11
-11
-101011 (base 2) to base 14
-31
Convert -4 (base 16) to base 15.
-4
Convert -362 (base 9) to base 12.
-20b
What is 14 (base 5) in base 14?
9
3 (base 11) to base 6
3
101 (base 2) to base 10
5
-1 (base 14) to base 6
-1
What is -3 (base 6) in base 8?
-3
-1010001 (base 2) to base 14
-5b
-8 (base 16) to base 6
-12
-115 (base 7) to base 8
-75
-11 (base 3) to base 7
-4
Convert -11 (base 3) to base 9.
-4
Convert -1 (base 9) to base 4.
-1
2 (base 5) to base 2
10
What is -5a (base 12) in base 4?
-1012
Convert -17 (base 8) to base 10.
-15
1 (base 9) to base 2
1
What is 442 (base 6) in base 5?
1140
137 (base 15) to base 11
232
Convert -2 (base 14) to base 13.
-2
3 (base 13) to base 4
3
15 (base 14) to base 8
23
Convert -122 (base 3) to base 11.
-16
What is -4 (base 9) in base 7?
-4
-64 (base 11) to base 8
-106
What is 5 (base 16) in base 2?
101
103 (base 4) to base 5
34
What is -19 (base 13) in base 8?
-26
c (base 15) to base 14
c
What is -32 (base 15) in base 13?
-38
-1 (base 3) to base 7
-1
Convert -12222 (base 3) to base 9.
-188
Convert -261 (base 7) to base 5.
-1031
Convert -415 (base 6) to base 2.
-10011011
Convert -2d (base 14) to base 5.
-131
Convert -4 (base 14) to base 5.
-4
What is 3 (base 14) in base 8?
3
0 (base 8) to base 16
0
What is 161 (base 8) in base 2?
1110001
0 (base 3) to base 10
0
3 (base 10) to base 13
3
Convert 0 (base 3) to base 8.
0
Convert -1022 (base 3) to base 7.
-50
-125 (base 6) to base 15
-38
4 (base 9) to base 3
11
What is -133 (base 7) in base 4?
-1021
Convert -5 (base 10) to base 13.
-5
What is -340 (base 7) in base 11?
-14a
Convert -4 (base 16) to base 2.
-100
Convert -3 (base 13) to base 14.
-3
-2 (base 16) to base 12
-2
What is -d0 (base 16) in base 14?
-10c
What is 4 (base 13) in base 3?
11
-4 (base 9) to base 5
-4
Convert 2 (base 7) to base 2.
10
-2022 (base 3) to base 5
-222
-12a (base 14) to base 13
-150
16 (base 8) to base 9
15
-120 (base 3) to base 5
-30
What is -302 (base 5) in base 13?
-5c
Convert 15 (base 7) to base 13.
c
Convert -3 (base 4) to base 5.
-3
23 (base 6) to base 10
15
What is -31 (base 10) in base 7?
-43
Convert -110 (base 16) to base 13.
-17c
Convert -10 (base 2) to base 7.
-2
-7 (base 11) to base 15
-7
What is 6 (base 9) in base 16?
6
-321 (base 6) to base 13
-94
111 (base 6) to base 14
31
-3 (base 12) to base 9
-3
What is 37 (base 16) in base 10?
55
-14 (base 14) to base 16
-12
-1 (base 12) to base 3
-1
-b (base 16) to base 11
-10
Convert -52 (base 15) to base 6.
-205
What is 100 (base 2) in base 13?
4
-6 (base 12) to base 16
-6
What is -185 (base 11) in base 3?
-21221
Convert 13 (base 6) to base 14.
9
What is -67 (base 14) in base 13?
-70
What is -4 (base 15) in base 14?
-4
What is 4 (base 14) in base 6?
4
What is -110000 (base 2) in base 15?
-33
-a (base 13) to base 7
-13
What is -1 (base 9) in base 2?
-1
-204 (base 5) to base 2
-110110
Convert 202 (base 5) to base 8.
64
Convert 233 (base 7) to base 8.
172
Convert 112 (base 3) to base 15.
e
-210 (base 12) to base 5
-2200
223 (base 5) to base 4
333
Convert -12 (base 4) to base 16.
-6
Convert 3a (base 14) to base 12.
44
Convert 1 (base 14) to base 9.
1
Convert -6d (base 16) to base 14.
-7b
Convert 6 (base 11) to base 13.
6
Convert 25 (base 6) to base 15.
12
What is -6 (base 14) in base 11?
-6
Convert 1010001 (base 2) to base 11.
74
-104 (base 7) to base 6
-125
What is -2312 (base 4) in base 10?
-182
What is 13 (base 12) in base 16?
f
What is 89 (base 13) in base 15?
78
Convert 11 (base 7) to base 14.
8
Convert -2021 (base 3) to base 7.
-115
Convert 5 (base 8) to base 3.
12
Convert -6 (base 14) to base 10.
-6
What is -6 (base 9) in base 8?
-6
Convert 5 (base 16) to base 15.
5
1010100 (base 2) to base 12
70
What is -101000 (base 2) in base 16?
-28
-9 (base 16) to base 7
-12
Convert 61 (base 14) to base 8.
125
Convert -1011 (base 2) to base 13.
-b
What is 12a (base 14) in base 12?
176
Convert -95 (base 12) to base 7.
-221
Convert 5 (base 7) to base 6.
5
What is 3 (base 9) in base 11?
3
What is 2 (base 5) in base 12?
2
74 (base 11) to base 10
81
-7 (base 10) to base 8
-7
127 (base 12) to base 11
14a
Convert -3e (base 15) to base 14.
-43
What is 6 (base 12) in base 5?
11
What is 1 (base 16) in base 9?
1
What is -14 (base 10) in base 12?
-12
Convert -2 (base 14) to base 15.
-2
48 (base 10) to base 6
120
What is 110000111 (base 2) in base 12?
287
What is 0 (base 10) in base 8?
0
What is 100 (base 3) in base 16?
9
What is -124 (base 6) in base 11?
-48
What is 1 (base 10) in base 4?
1
Convert -10 (base 14) to base 2.
-1110
What is 11 (base 2) in base 12?
3
What is -5 (base 13) in base 10?
-5
What is 525 (base 7) in base 2?
100001000
What is 0 (base 11) in base 16?
0
Convert -3 (base 10) to base 8.
-3
Convert 306 (base 8) to base 2.
11000110
4 (base 7) to base 4
10
Convert 45 (base 7) to base 15.
23
Convert -2 (base 15) to base 4.
-2
What is 1 (base 5) in base 15?
1
What is -103 (base 4) in base 12?
-17
Convert -1 (base 5) to base 9.
-1
Convert 11100000 (base 2) to base 6.
1012
What is -1 (base 7) in base 16?
-1
1 (base 2) to base 4
1
What is 241 (base 5) in base 6?
155
Convert 9 (base 11) to base 6.
13
-20 (base 13) to base 11
-24
Convert -10 (base 5) to base 15.
-5
-9 (base 13) to base 6
-13
What is 2 (base 4) in base 7?
2
-223 (base 5) to base 8
-77
Convert -60 (base 11) to base 3.
-2110
2 (base 14) to base 4
2
What is 10111100 (base 2) in base 12?
138
What is 253 (base 6) in base 16?
69
Convert -1a (base 13) to base 5.
-43
Convert 41 (base 7) to base 16.
1d
What is -2 (base 3) in base 7?
-2
Convert 101010 (base 2) to base 4.
222
What is 0 (base 8) in base 10?
0
0 (base 14) to base 2
0
Convert -210 (base 6) to base 9.
-86
6 (base 15) to base 14
6
Convert 11111 (base 3) to base 4.
1321
Convert 2 (base 10) to base 2.
10
What is -4 (base 14) in base 8?
-4
Convert -18 (base 15) to base 8.
-27
Convert 11320 (base